{"id":33451,"date":"2025-06-07T16:59:23","date_gmt":"2025-06-07T16:59:23","guid":{"rendered":"https:\/\/www.bertschi-cafe.ch\/?post_type=product&#038;p=33451"},"modified":"2026-01-29T10:14:34","modified_gmt":"2026-01-29T08:14:34","slug":"saison-kaffee-sommer","status":"publish","type":"product","link":"https:\/\/www.bertschi-cafe.ch\/it\/prodotto\/saison-kaffee-sommer\/","title":{"rendered":"Saison-Kaffee Sommer"},"content":{"rendered":"<p data-start=\"115\" data-end=\"181\"><strong data-start=\"115\" data-end=\"181\">Saison-Kaffee Sommer \u2013 Genussvolle Frische f\u00fcr die warmen Tage<\/strong><\/p>\n<p data-start=\"183\" data-end=\"564\">Geniessen Sie die sommerliche Leichtigkeit mit unserem Saison-Kaffee Sommer \u2013 einer harmonischen Komposition aus <strong>70% Arabica-Bohnen<\/strong> aus Mittel- und S\u00fcdamerika und <strong>30% Robusta-Bohnen<\/strong> aus Asien und Afrika. Diese ausgewogene Mischung verbindet die feinen Aromen sonnenverw\u00f6hnter Arabicas mit der kr\u00e4ftigen Note asiatischer Robustas und bringt nussige und schokoladige Nuancen in jede Tasse.<\/p>\n<p data-start=\"566\" data-end=\"937\">Dank der mittleren R\u00f6stung entfaltet unser Sommer-Kaffee ein vollmundiges und zugleich magenschonendes Geschmacksprofil mit nur wenig S\u00e4ure \u2013 ideal f\u00fcr die heissen Monate. Ob als kr\u00e4ftiger Caf\u00e9-Cr\u00e8me, intensiver Espresso \u201eTipo Milano\u201c oder als Basis f\u00fcr erfrischende Milchkaffee-Spezialit\u00e4ten: Dieser Kaffee begleitet Sie genussvoll durch die warme Jahreszeit.<\/p>\n<p data-start=\"1106\" data-end=\"1278\">Lassen Sie sich von unserem Sommer-Kaffee verw\u00f6hnen und geniessen Sie in jeder Tasse einen Moment der Entspannung und Erfrischung \u2013 perfekt f\u00fcr sonnige Tage und laue Abende.<\/p>\n<p data-start=\"1280\" data-end=\"1359\"><strong data-start=\"1280\" data-end=\"1292\">Mischung<\/strong><br data-start=\"1292\" data-end=\"1295\" \/>70% Arabica aus Mittel- und S\u00fcdamerika<br data-start=\"1333\" data-end=\"1336\" \/>30% Robusta aus Asien und Afrika<\/p>\n<p data-start=\"1361\" data-end=\"1511\"><strong data-start=\"1361\" data-end=\"1374\">Geschmack<\/strong><br data-start=\"1374\" data-end=\"1377\" \/>Nussige und schokoladige Noten. Vollmundig, magenschonend und s\u00e4urearm.<\/p>\n<p data-start=\"1513\" data-end=\"1535\"><strong data-start=\"1513\" data-end=\"1524\">R\u00f6stung<\/strong><br data-start=\"1524\" data-end=\"1527\" \/>Mittel<\/p>\n<p data-start=\"1537\" data-end=\"1642\"><strong data-start=\"1537\" data-end=\"1548\">Eignung<\/strong><br data-start=\"1548\" data-end=\"1551\" \/>F\u00fcr kr\u00e4ftigen Caf\u00e9-Cr\u00e8me, Milchkaffee oder intensiven Espresso \u201eTipo Milano\u201c.<\/p>\n<p data-start=\"1644\" data-end=\"1687\"><strong data-start=\"1644\" data-end=\"1658\">Erh\u00e4ltlich<\/strong><br data-start=\"1658\" data-end=\"1661\" \/>500g Bohnen \/ 500g gemahlen<\/p>\n","protected":false},"excerpt":{"rendered":"<p>Saison-Kaffee Sommer \u2013 Genussvolle Frische f\u00fcr die warmen Tage Geniessen Sie die sommerliche Leichtigkeit mit unserem Saison-Kaffee Sommer \u2013 einer harmonischen Komposition aus 70% Arabica-Bohnen aus Mittel- und S\u00fcdamerika und 30% Robusta-Bohnen aus Asien und Afrika. Diese ausgewogene Mischung verbindet die feinen Aromen sonnenverw\u00f6hnter Arabicas mit der kr\u00e4ftigen Note asiatischer Robustas und bringt nussige und [&hellip;]<\/p>\n","protected":false},"featured_media":33456,"template":"","meta":{"_acf_changed":false,"_coblocks_attr":"","_coblocks_dimensions":"","_coblocks_responsive_height":"","_coblocks_accordion_ie_support":"","inline_featured_image":false,"_monsterinsights_skip_tracking":false,"_monsterinsights_sitenote_active":false,"_monsterinsights_sitenote_note":"","_monsterinsights_sitenote_category":0},"product_brand":[],"product_cat":[46,60,61],"product_tag":[],"class_list":{"0":"post-33451","1":"product","2":"type-product","3":"status-publish","4":"has-post-thumbnail","6":"product_cat-bohnen","7":"product_cat-gemahlen","8":"product_cat-spezialitaeten","9":"pa_zubereitung-filter-ganze-bohnen","10":"pa_zubereitung-filter-gemahlen","12":"first","13":"instock","14":"taxable","15":"shipping-taxable","16":"purchasable","17":"product-type-variable","18":"has-default-attributes"},"acf":[],"aioseo_notices":[],"_links":{"self":[{"href":"https:\/\/www.bertschi-cafe.ch\/it\/wp-json\/wp\/v2\/product\/33451","targetHints":{"allow":["GET"]}}],"collection":[{"href":"https:\/\/www.bertschi-cafe.ch\/it\/wp-json\/wp\/v2\/product"}],"about":[{"href":"https:\/\/www.bertschi-cafe.ch\/it\/wp-json\/wp\/v2\/types\/product"}],"wp:featuredmedia":[{"embeddable":true,"href":"https:\/\/www.bertschi-cafe.ch\/it\/wp-json\/wp\/v2\/media\/33456"}],"wp:attachment":[{"href":"https:\/\/www.bertschi-cafe.ch\/it\/wp-json\/wp\/v2\/media?parent=33451"}],"wp:term":[{"taxonomy":"product_brand","embeddable":true,"href":"https:\/\/www.bertschi-cafe.ch\/it\/wp-json\/wp\/v2\/product_brand?post=33451"},{"taxonomy":"product_cat","embeddable":true,"href":"https:\/\/www.bertschi-cafe.ch\/it\/wp-json\/wp\/v2\/product_cat?post=33451"},{"taxonomy":"product_tag","embeddable":true,"href":"https:\/\/www.bertschi-cafe.ch\/it\/wp-json\/wp\/v2\/product_tag?post=33451"}],"curies":[{"name":"wp","href":"https:\/\/api.w.org\/{rel}","templated":true}]}}

<p data-start="115" data-end="181"><strong data-start="115" data-end="181">Saison-Kaffee Sommer – Genussvolle Frische für die warmen Tage</strong></p>
<p data-start="183" data-end="564">Geniessen Sie die sommerliche Leichtigkeit mit unserem Saison-Kaffee Sommer – einer harmonischen Komposition aus <strong>70% Arabica-Bohnen</strong> aus Mittel- und Südamerika und <strong>30% Robusta-Bohnen</strong> aus Asien und Afrika. Diese ausgewogene Mischung verbindet die feinen Aromen sonnenverwöhnter Arabicas mit der kräftigen Note asiatischer Robustas und bringt nussige und schokoladige Nuancen in jede Tasse.</p>
<p data-start="566" data-end="937">Dank der mittleren Röstung entfaltet unser Sommer-Kaffee ein vollmundiges und zugleich magenschonendes Geschmacksprofil mit nur wenig Säure – ideal für die heissen Monate. Ob als kräftiger Café-Crème, intensiver Espresso „Tipo Milano“ oder als Basis für erfrischende Milchkaffee-Spezialitäten: Dieser Kaffee begleitet Sie genussvoll durch die warme Jahreszeit.</p>
<p data-start="1106" data-end="1278">Lassen Sie sich von unserem Sommer-Kaffee verwöhnen und geniessen Sie in jeder Tasse einen Moment der Entspannung und Erfrischung – perfekt für sonnige Tage und laue Abende.</p>
<p data-start="1280" data-end="1359"><strong data-start="1280" data-end="1292">Mischung</strong><br data-start="1292" data-end="1295" />70% Arabica aus Mittel- und Südamerika<br data-start="1333" data-end="1336" />30% Robusta aus Asien und Afrika</p>
<p data-start="1361" data-end="1511"><strong data-start="1361" data-end="1374">Geschmack</strong><br data-start="1374" data-end="1377" />Nussige und schokoladige Noten. Vollmundig, magenschonend und säurearm.</p>
<p data-start="1513" data-end="1535"><strong data-start="1513" data-end="1524">Röstung</strong><br data-start="1524" data-end="1527" />Mittel</p>
<p data-start="1537" data-end="1642"><strong data-start="1537" data-end="1548">Eignung</strong><br data-start="1548" data-end="1551" />Für kräftigen Café-Crème, Milchkaffee oder intensiven Espresso „Tipo Milano“.</p>
<p data-start="1644" data-end="1687"><strong data-start="1644" data-end="1658">Erhältlich</strong><br data-start="1658" data-end="1661" />500g Bohnen / 500g gemahlen</p>

<p>Saison-Kaffee Sommer – Genussvolle Frische für die warmen Tage Geniessen Sie die sommerliche Leichtigkeit mit unserem Saison-Kaffee Sommer – einer harmonischen Komposition aus 70% Arabica-Bohnen aus Mittel- und Südamerika und 30% Robusta-Bohnen aus Asien und Afrika. Diese ausgewogene Mischung verbindet die feinen Aromen sonnenverwöhnter Arabicas mit der kräftigen Note asiatischer Robustas und bringt nussige und [&hellip;]</p>
