{"id":32098,"date":"2025-01-08T12:48:06","date_gmt":"2025-01-08T12:48:06","guid":{"rendered":"https:\/\/www.bertschi-cafe.ch\/?post_type=product&#038;p=32098"},"modified":"2025-01-08T14:13:24","modified_gmt":"2025-01-08T14:13:24","slug":"caffe-stagionale-invernale-kopie","status":"publish","type":"product","link":"https:\/\/www.bertschi-cafe.ch\/it\/prodotto\/caffe-stagionale-invernale-kopie\/","title":{"rendered":"Caff\u00e8 stagionale invernale (Kopie)"},"content":{"rendered":"<p><strong>Miscela<br \/>\n<\/strong><\/p>\n<p>80% di chicchi di Arabica provenienti dall&#8217;America centrale e meridionale<\/p>\n<p>20% di chicchi di Robusta provenienti dall&#8217;Asia<\/p>\n<p><strong>Il sapore<br \/>\n<\/strong><\/p>\n<p>Il nostro caff\u00e8 invernale \u00e8 una miscela forte e corposa dei migliori chicchi di arabica del Sud America e di robusta dell&#8217;Asia. Concedetevi un caff\u00e8 al gusto di noci e cioccolato durante i freddi mesi invernali. La miscela \u00e8 delicata per lo stomaco e ha un&#8217;acidit\u00e0 minima.<\/p>\n<p><strong>Tostatura<\/strong><\/p>\n<p>arrosto forte<\/p>\n<p><strong>Idoneit\u00e0<\/strong><\/p>\n<p>Per un caff\u00e8 o un caffellatte forte. Come espresso forte &#8220;Tipo Milano&#8221;.<\/p>\n<p><strong>Disponibile<\/strong><br \/>\n500 g di fagioli e macinati<\/p>\n","protected":false},"excerpt":{"rendered":"<p>Miscela 80% di chicchi di Arabica provenienti dall&#8217;America centrale e meridionale 20% di chicchi di Robusta provenienti dall&#8217;Asia Il sapore Il nostro caff\u00e8 invernale \u00e8 una miscela forte e corposa dei migliori chicchi di arabica del Sud America e di robusta dell&#8217;Asia. Concedetevi un caff\u00e8 al gusto di noci e cioccolato durante i freddi mesi [&hellip;]<\/p>\n","protected":false},"featured_media":18614,"template":"","meta":{"_acf_changed":false,"_coblocks_attr":"","_coblocks_dimensions":"","_coblocks_responsive_height":"","_coblocks_accordion_ie_support":"","inline_featured_image":false,"_monsterinsights_skip_tracking":false,"_monsterinsights_sitenote_active":false,"_monsterinsights_sitenote_note":"","_monsterinsights_sitenote_category":0},"product_brand":[],"product_cat":[161,164,162],"product_tag":[],"class_list":{"0":"post-32098","1":"product","2":"type-product","3":"status-publish","4":"has-post-thumbnail","6":"product_cat-bohnen","7":"product_cat-spezialitaeten","8":"product_cat-gemahlen","9":"pa_zubereitung-filter-ganze-bohnen","10":"pa_zubereitung-filter-gemahlen","12":"first","13":"instock","14":"taxable","15":"shipping-taxable","16":"purchasable","17":"product-type-variable","18":"has-default-attributes"},"acf":[],"aioseo_notices":[],"_links":{"self":[{"href":"https:\/\/www.bertschi-cafe.ch\/it\/wp-json\/wp\/v2\/product\/32098","targetHints":{"allow":["GET"]}}],"collection":[{"href":"https:\/\/www.bertschi-cafe.ch\/it\/wp-json\/wp\/v2\/product"}],"about":[{"href":"https:\/\/www.bertschi-cafe.ch\/it\/wp-json\/wp\/v2\/types\/product"}],"wp:featuredmedia":[{"embeddable":true,"href":"https:\/\/www.bertschi-cafe.ch\/it\/wp-json\/wp\/v2\/media\/18614"}],"wp:attachment":[{"href":"https:\/\/www.bertschi-cafe.ch\/it\/wp-json\/wp\/v2\/media?parent=32098"}],"wp:term":[{"taxonomy":"product_brand","embeddable":true,"href":"https:\/\/www.bertschi-cafe.ch\/it\/wp-json\/wp\/v2\/product_brand?post=32098"},{"taxonomy":"product_cat","embeddable":true,"href":"https:\/\/www.bertschi-cafe.ch\/it\/wp-json\/wp\/v2\/product_cat?post=32098"},{"taxonomy":"product_tag","embeddable":true,"href":"https:\/\/www.bertschi-cafe.ch\/it\/wp-json\/wp\/v2\/product_tag?post=32098"}],"curies":[{"name":"wp","href":"https:\/\/api.w.org\/{rel}","templated":true}]}}

Caffè stagionale invernale (Kopie)

<p><strong>Miscela<br />
</strong></p>
<p>80% di chicchi di Arabica provenienti dall&#8217;America centrale e meridionale</p>
<p>20% di chicchi di Robusta provenienti dall&#8217;Asia</p>
<p><strong>Il sapore<br />
</strong></p>
<p>Il nostro caffè invernale è una miscela forte e corposa dei migliori chicchi di arabica del Sud America e di robusta dell&#8217;Asia. Concedetevi un caffè al gusto di noci e cioccolato durante i freddi mesi invernali. La miscela è delicata per lo stomaco e ha un&#8217;acidità minima.</p>
<p><strong>Tostatura</strong></p>
<p>arrosto forte</p>
<p><strong>Idoneità</strong></p>
<p>Per un caffè o un caffellatte forte. Come espresso forte &#8220;Tipo Milano&#8221;.</p>
<p><strong>Disponibile</strong><br />
500 g di fagioli e macinati</p>

<p>Miscela 80% di chicchi di Arabica provenienti dall&#8217;America centrale e meridionale 20% di chicchi di Robusta provenienti dall&#8217;Asia Il sapore Il nostro caffè invernale è una miscela forte e corposa dei migliori chicchi di arabica del Sud America e di robusta dell&#8217;Asia. Concedetevi un caffè al gusto di noci e cioccolato durante i freddi mesi [&hellip;]</p>
