{"id":20755,"date":"2014-09-19T13:38:00","date_gmt":"2014-09-19T13:38:00","guid":{"rendered":"https:\/\/www.bertschi-cafe.ch\/webseite\/produkt\/caffe-euro-organic-bravo-medio\/"},"modified":"2014-09-19T13:38:00","modified_gmt":"2014-09-19T13:38:00","slug":"caffe-euro-organic-bravo-medio","status":"publish","type":"product","link":"https:\/\/www.bertschi-cafe.ch\/it\/prodotto\/caffe-euro-organic-bravo-medio\/","title":{"rendered":"Caff\u00e8 Euro Organic Bravo (medio)"},"content":{"rendered":"<p><strong>Miscela<br \/>\n<\/strong>60% di arabica biologica proveniente dall&#8217;America centrale e meridionale.<br \/>\n40% di Robusta biologica proveniente dall&#8217;Africa<\/p>\n<p><strong>Aroma<br \/>\n<\/strong>Raffinata miscela di Arabica biologici selezionati provenienti dall&#8217;America centrale e meridionale e di Robusta biologici provenienti dall&#8217;Africa. Sapore speziato con sfumature fruttate. Retrogusto piacevolmente delicato. Bassa acidit\u00e0.<\/p>\n<p><strong>Tostatura<\/strong><br \/>\nMedio<\/p>\n<p><strong>Idoneit\u00e0<\/strong><br \/>\nCrema di caff\u00e8, espresso e latte macchiatto<\/p>\n<p><strong>Disponibile<\/strong><br \/>\n1 kg di fagioli<\/p>\n<p><strong>Certificazione<\/strong><br \/>\nEuro Organic e Fairtrade Max Havelaar<\/p>\n","protected":false},"excerpt":{"rendered":"<p>Miscela 60% di arabica biologica proveniente dall&#8217;America centrale e meridionale. 40% di Robusta biologica proveniente dall&#8217;Africa Aroma Raffinata miscela di Arabica biologici selezionati provenienti dall&#8217;America centrale e meridionale e di Robusta biologici provenienti dall&#8217;Africa. Sapore speziato con sfumature fruttate. Retrogusto piacevolmente delicato. Bassa acidit\u00e0. Tostatura Medio Idoneit\u00e0 Crema di caff\u00e8, espresso e latte macchiatto Disponibile [&hellip;]<\/p>\n","protected":false},"featured_media":18566,"template":"","meta":{"_acf_changed":false,"_coblocks_attr":"","_coblocks_dimensions":"","_coblocks_responsive_height":"","_coblocks_accordion_ie_support":"","inline_featured_image":false,"_monsterinsights_skip_tracking":false,"_monsterinsights_sitenote_active":false,"_monsterinsights_sitenote_note":"","_monsterinsights_sitenote_category":0},"product_brand":[],"product_cat":[161],"product_tag":[],"class_list":{"0":"post-20755","1":"product","2":"type-product","3":"status-publish","4":"has-post-thumbnail","6":"product_cat-bohnen","7":"pa_zubereitung-filter-ganze-bohnen","9":"first","10":"instock","11":"taxable","12":"shipping-taxable","13":"purchasable","14":"product-type-variable","15":"has-default-attributes"},"acf":[],"aioseo_notices":[],"_links":{"self":[{"href":"https:\/\/www.bertschi-cafe.ch\/it\/wp-json\/wp\/v2\/product\/20755","targetHints":{"allow":["GET"]}}],"collection":[{"href":"https:\/\/www.bertschi-cafe.ch\/it\/wp-json\/wp\/v2\/product"}],"about":[{"href":"https:\/\/www.bertschi-cafe.ch\/it\/wp-json\/wp\/v2\/types\/product"}],"wp:featuredmedia":[{"embeddable":true,"href":"https:\/\/www.bertschi-cafe.ch\/it\/wp-json\/wp\/v2\/media\/18566"}],"wp:attachment":[{"href":"https:\/\/www.bertschi-cafe.ch\/it\/wp-json\/wp\/v2\/media?parent=20755"}],"wp:term":[{"taxonomy":"product_brand","embeddable":true,"href":"https:\/\/www.bertschi-cafe.ch\/it\/wp-json\/wp\/v2\/product_brand?post=20755"},{"taxonomy":"product_cat","embeddable":true,"href":"https:\/\/www.bertschi-cafe.ch\/it\/wp-json\/wp\/v2\/product_cat?post=20755"},{"taxonomy":"product_tag","embeddable":true,"href":"https:\/\/www.bertschi-cafe.ch\/it\/wp-json\/wp\/v2\/product_tag?post=20755"}],"curies":[{"name":"wp","href":"https:\/\/api.w.org\/{rel}","templated":true}]}}

Caffè Euro Organic Bravo (medio)

<p><strong>Miscela<br />
</strong>60% di arabica biologica proveniente dall&#8217;America centrale e meridionale.<br />
40% di Robusta biologica proveniente dall&#8217;Africa</p>
<p><strong>Aroma<br />
</strong>Raffinata miscela di Arabica biologici selezionati provenienti dall&#8217;America centrale e meridionale e di Robusta biologici provenienti dall&#8217;Africa. Sapore speziato con sfumature fruttate. Retrogusto piacevolmente delicato. Bassa acidità.</p>
<p><strong>Tostatura</strong><br />
Medio</p>
<p><strong>Idoneità</strong><br />
Crema di caffè, espresso e latte macchiatto</p>
<p><strong>Disponibile</strong><br />
1 kg di fagioli</p>
<p><strong>Certificazione</strong><br />
Euro Organic e Fairtrade Max Havelaar</p>

<p>Miscela 60% di arabica biologica proveniente dall&#8217;America centrale e meridionale. 40% di Robusta biologica proveniente dall&#8217;Africa Aroma Raffinata miscela di Arabica biologici selezionati provenienti dall&#8217;America centrale e meridionale e di Robusta biologici provenienti dall&#8217;Africa. Sapore speziato con sfumature fruttate. Retrogusto piacevolmente delicato. Bassa acidità. Tostatura Medio Idoneità Crema di caffè, espresso e latte macchiatto Disponibile [&hellip;]</p>
