{"id":20731,"date":"2018-10-29T09:47:57","date_gmt":"2018-10-29T09:47:57","guid":{"rendered":"https:\/\/www.bertschi-cafe.ch\/webseite\/produkt\/tazza-per-espresso-da-01-l\/"},"modified":"2018-10-29T09:47:57","modified_gmt":"2018-10-29T09:47:57","slug":"tazza-per-espresso-da-01-l","status":"publish","type":"product","link":"https:\/\/www.bertschi-cafe.ch\/it\/prodotto\/tazza-per-espresso-da-01-l\/","title":{"rendered":"Tazza per espresso da 0,1 l"},"content":{"rendered":"<p><strong>Il piacere del caff\u00e8 Bertschi in movimento &#8211; 100% biodegradabile  <\/strong><br \/>\nLe nostre tazze da caff\u00e8 biologiche nel bellissimo design Bertschi &#8211; Caf\u00e9 hanno un rivestimento interno a base di plastica organica PLA, prodotta in modo ecologico da materie prime rinnovabili annualmente. La forma cilindrica si adatta a qualsiasi mano e aumenta il comfort di utilizzo.<\/p>\n<p><strong>Quantit\u00e0<\/strong><br \/>\n50 pezzi<\/p>\n<p><strong>Contenuti<\/strong><br \/>\n0.1 l<\/p>\n<p><strong>Colore<\/strong><br \/>\nverde con design Bertschi-Caf\u00e9<\/p>\n<p><strong>Osservazione<\/strong><br \/>\n100% biodegradabile<\/p>\n","protected":false},"excerpt":{"rendered":"<p>Il piacere del caff\u00e8 Bertschi in movimento &#8211; 100% biodegradabile Le nostre tazze da caff\u00e8 biologiche nel bellissimo design Bertschi &#8211; Caf\u00e9 hanno un rivestimento interno a base di plastica organica PLA, prodotta in modo ecologico da materie prime rinnovabili annualmente. La forma cilindrica si adatta a qualsiasi mano e aumenta il comfort di utilizzo. [&hellip;]<\/p>\n","protected":false},"featured_media":19778,"template":"","meta":{"_acf_changed":false,"_coblocks_attr":"","_coblocks_dimensions":"","_coblocks_responsive_height":"","_coblocks_accordion_ie_support":"","inline_featured_image":false,"_monsterinsights_skip_tracking":false,"_monsterinsights_sitenote_active":false,"_monsterinsights_sitenote_note":"","_monsterinsights_sitenote_category":0},"product_brand":[],"product_cat":[165],"product_tag":[],"class_list":{"0":"post-20731","1":"product","2":"type-product","3":"status-publish","4":"has-post-thumbnail","6":"product_cat-zubehoer","8":"first","9":"instock","10":"taxable","11":"shipping-taxable","12":"purchasable","13":"product-type-simple"},"acf":[],"aioseo_notices":[],"_links":{"self":[{"href":"https:\/\/www.bertschi-cafe.ch\/it\/wp-json\/wp\/v2\/product\/20731","targetHints":{"allow":["GET"]}}],"collection":[{"href":"https:\/\/www.bertschi-cafe.ch\/it\/wp-json\/wp\/v2\/product"}],"about":[{"href":"https:\/\/www.bertschi-cafe.ch\/it\/wp-json\/wp\/v2\/types\/product"}],"wp:featuredmedia":[{"embeddable":true,"href":"https:\/\/www.bertschi-cafe.ch\/it\/wp-json\/wp\/v2\/media\/19778"}],"wp:attachment":[{"href":"https:\/\/www.bertschi-cafe.ch\/it\/wp-json\/wp\/v2\/media?parent=20731"}],"wp:term":[{"taxonomy":"product_brand","embeddable":true,"href":"https:\/\/www.bertschi-cafe.ch\/it\/wp-json\/wp\/v2\/product_brand?post=20731"},{"taxonomy":"product_cat","embeddable":true,"href":"https:\/\/www.bertschi-cafe.ch\/it\/wp-json\/wp\/v2\/product_cat?post=20731"},{"taxonomy":"product_tag","embeddable":true,"href":"https:\/\/www.bertschi-cafe.ch\/it\/wp-json\/wp\/v2\/product_tag?post=20731"}],"curies":[{"name":"wp","href":"https:\/\/api.w.org\/{rel}","templated":true}]}}

<p><strong>Il piacere del caffè Bertschi in movimento &#8211; 100% biodegradabile  </strong><br />
Le nostre tazze da caffè biologiche nel bellissimo design Bertschi &#8211; Café hanno un rivestimento interno a base di plastica organica PLA, prodotta in modo ecologico da materie prime rinnovabili annualmente. La forma cilindrica si adatta a qualsiasi mano e aumenta il comfort di utilizzo.</p>
<p><strong>Quantità</strong><br />
50 pezzi</p>
<p><strong>Contenuti</strong><br />
0.1 l</p>
<p><strong>Colore</strong><br />
verde con design Bertschi-Café</p>
<p><strong>Osservazione</strong><br />
100% biodegradabile</p>

<p>Il piacere del caffè Bertschi in movimento &#8211; 100% biodegradabile Le nostre tazze da caffè biologiche nel bellissimo design Bertschi &#8211; Café hanno un rivestimento interno a base di plastica organica PLA, prodotta in modo ecologico da materie prime rinnovabili annualmente. La forma cilindrica si adatta a qualsiasi mano e aumenta il comfort di utilizzo. [&hellip;]</p>
