{"id":20712,"date":"2020-06-21T21:32:21","date_gmt":"2020-06-21T21:32:21","guid":{"rendered":"https:\/\/www.bertschi-cafe.ch\/webseite\/produkt\/set-da-caffe-classico\/"},"modified":"2020-06-21T21:32:21","modified_gmt":"2020-06-21T21:32:21","slug":"set-da-caffe-classico","status":"publish","type":"product","link":"https:\/\/www.bertschi-cafe.ch\/it\/prodotto\/set-da-caffe-classico\/","title":{"rendered":"Set da caff\u00e8 classico"},"content":{"rendered":"<p><strong>Il set di caff\u00e8 classico contiene i seguenti caff\u00e8:<\/strong><\/p>\n<ul>\n<li>Caff\u00e8 di Basilea<\/li>\n<li>Espresso Basler<\/li>\n<li>Cappuccino<\/li>\n<li>Espresso<\/li>\n<li>Gastro-regina<\/li>\n<li>Gastro-King<\/li>\n<li>2 tazze da caff\u00e8 con piatto<\/li>\n<\/ul>\n<p>&nbsp;<\/p>\n<p><strong>Miscela<\/strong><br \/>\nvari<br \/>\n<strong>Il sapore<\/strong><br \/>\nvari<\/p>\n<p><strong>Tostatura<\/strong><b><br \/>\n<\/b>chiaro, medio e scuro<\/p>\n<p><strong>Disponibile<\/strong><br \/>\nConfezione da 500 g di fagioli<\/p>\n","protected":false},"excerpt":{"rendered":"<p>Il set di caff\u00e8 classico contiene i seguenti caff\u00e8: Caff\u00e8 di Basilea Espresso Basler Cappuccino Espresso Gastro-regina Gastro-King 2 tazze da caff\u00e8 con piatto &nbsp; Miscela vari Il sapore vari Tostatura chiaro, medio e scuro Disponibile Confezione da 500 g di fagioli<\/p>\n","protected":false},"featured_media":19794,"template":"","meta":{"_acf_changed":false,"_coblocks_attr":"","_coblocks_dimensions":"","_coblocks_responsive_height":"","_coblocks_accordion_ie_support":"","inline_featured_image":false,"_monsterinsights_skip_tracking":false,"_monsterinsights_sitenote_active":false,"_monsterinsights_sitenote_note":"","_monsterinsights_sitenote_category":0},"product_brand":[],"product_cat":[153],"product_tag":[],"class_list":{"0":"post-20712","1":"product","2":"type-product","3":"status-publish","4":"has-post-thumbnail","6":"product_cat-geschenk-und-probiersets","8":"first","9":"instock","10":"sale","11":"taxable","12":"shipping-taxable","13":"purchasable","14":"product-type-variable","15":"has-default-attributes"},"acf":[],"aioseo_notices":[],"_links":{"self":[{"href":"https:\/\/www.bertschi-cafe.ch\/it\/wp-json\/wp\/v2\/product\/20712","targetHints":{"allow":["GET"]}}],"collection":[{"href":"https:\/\/www.bertschi-cafe.ch\/it\/wp-json\/wp\/v2\/product"}],"about":[{"href":"https:\/\/www.bertschi-cafe.ch\/it\/wp-json\/wp\/v2\/types\/product"}],"wp:featuredmedia":[{"embeddable":true,"href":"https:\/\/www.bertschi-cafe.ch\/it\/wp-json\/wp\/v2\/media\/19794"}],"wp:attachment":[{"href":"https:\/\/www.bertschi-cafe.ch\/it\/wp-json\/wp\/v2\/media?parent=20712"}],"wp:term":[{"taxonomy":"product_brand","embeddable":true,"href":"https:\/\/www.bertschi-cafe.ch\/it\/wp-json\/wp\/v2\/product_brand?post=20712"},{"taxonomy":"product_cat","embeddable":true,"href":"https:\/\/www.bertschi-cafe.ch\/it\/wp-json\/wp\/v2\/product_cat?post=20712"},{"taxonomy":"product_tag","embeddable":true,"href":"https:\/\/www.bertschi-cafe.ch\/it\/wp-json\/wp\/v2\/product_tag?post=20712"}],"curies":[{"name":"wp","href":"https:\/\/api.w.org\/{rel}","templated":true}]}}

Set da caffè classico

<p><strong>Il set di caffè classico contiene i seguenti caffè:</strong></p>
<ul>
<li>Caffè di Basilea</li>
<li>Espresso Basler</li>
<li>Cappuccino</li>
<li>Espresso</li>
<li>Gastro-regina</li>
<li>Gastro-King</li>
<li>2 tazze da caffè con piatto</li>
</ul>
<p>&nbsp;</p>
<p><strong>Miscela</strong><br />
vari<br />
<strong>Il sapore</strong><br />
vari</p>
<p><strong>Tostatura</strong><b><br />
</b>chiaro, medio e scuro</p>
<p><strong>Disponibile</strong><br />
Confezione da 500 g di fagioli</p>

<p>Il set di caffè classico contiene i seguenti caffè: Caffè di Basilea Espresso Basler Cappuccino Espresso Gastro-regina Gastro-King 2 tazze da caffè con piatto &nbsp; Miscela vari Il sapore vari Tostatura chiaro, medio e scuro Disponibile Confezione da 500 g di fagioli</p>
