{"id":20853,"date":"2024-01-03T16:32:30","date_gmt":"2024-01-03T16:32:30","guid":{"rendered":"https:\/\/www.bertschi-cafe.ch\/webseite\/il-nostro-caffe\/max-havelaar\/"},"modified":"2024-02-26T20:51:57","modified_gmt":"2024-02-26T20:51:57","slug":"max-havelaar","status":"publish","type":"page","link":"https:\/\/www.bertschi-cafe.ch\/it\/il-nostro-caffe\/max-havelaar\/","title":{"rendered":"Max Havelaar"},"content":{"rendered":"\t\t<div data-elementor-type=\"wp-page\" data-elementor-id=\"20853\" class=\"elementor elementor-20853 elementor-4311\" data-elementor-post-type=\"page\">\n\t\t\t\t<div class=\"elementor-element elementor-element-3593c520 e-flex e-con-boxed e-con e-parent\" data-id=\"3593c520\" data-element_type=\"container\" data-e-type=\"container\" data-settings=\"{&quot;jet_parallax_layout_list&quot;:[],&quot;background_background&quot;:&quot;classic&quot;}\">\n\t\t\t\t\t<div class=\"e-con-inner\">\n\t\t<div class=\"elementor-element elementor-element-7b4bef5b e-flex e-con-boxed e-con e-child\" data-id=\"7b4bef5b\" data-element_type=\"container\" data-e-type=\"container\" data-settings=\"{&quot;background_background&quot;:&quot;classic&quot;,&quot;jet_parallax_layout_list&quot;:[]}\">\n\t\t\t\t\t<div class=\"e-con-inner\">\n\t\t\t\t<div class=\"elementor-element elementor-element-4eb297b8 elementor-widget elementor-widget-heading\" data-id=\"4eb297b8\" data-element_type=\"widget\" data-e-type=\"widget\" data-widget_type=\"heading.default\">\n\t\t\t\t<div class=\"elementor-widget-container\">\n\t\t\t\t\t<p class=\"elementor-heading-title elementor-size-default\">Max Havelaar<\/p>\t\t\t\t<\/div>\n\t\t\t\t<\/div>\n\t\t\t\t<div class=\"elementor-element elementor-element-324c87bd elementor-widget elementor-widget-heading\" data-id=\"324c87bd\" data-element_type=\"widget\" data-e-type=\"widget\" data-widget_type=\"heading.default\">\n\t\t\t\t<div class=\"elementor-widget-container\">\n\t\t\t\t\t<h1 class=\"elementor-heading-title elementor-size-default\">Il commercio equo e solidale paga\n<\/h1>\t\t\t\t<\/div>\n\t\t\t\t<\/div>\n\t\t\t\t<div class=\"elementor-element elementor-element-b3be35e elementor-widget elementor-widget-spacer\" data-id=\"b3be35e\" data-element_type=\"widget\" data-e-type=\"widget\" data-widget_type=\"spacer.default\">\n\t\t\t\t<div class=\"elementor-widget-container\">\n\t\t\t\t\t\t\t<div class=\"elementor-spacer\">\n\t\t\t<div class=\"elementor-spacer-inner\"><\/div>\n\t\t<\/div>\n\t\t\t\t\t\t<\/div>\n\t\t\t\t<\/div>\n\t\t\t\t\t<\/div>\n\t\t\t\t<\/div>\n\t\t\t\t\t<\/div>\n\t\t\t\t<\/div>\n\t\t<div class=\"elementor-element elementor-element-c02e002 e-flex e-con-boxed e-con e-parent\" data-id=\"c02e002\" data-element_type=\"container\" data-e-type=\"container\" id=\"angebot\" data-settings=\"{&quot;jet_parallax_layout_list&quot;:[]}\">\n\t\t\t\t\t<div class=\"e-con-inner\">\n\t\t<div class=\"elementor-element elementor-element-f768124 e-flex e-con-boxed e-con e-child\" data-id=\"f768124\" data-element_type=\"container\" data-e-type=\"container\" data-settings=\"{&quot;jet_parallax_layout_list&quot;:[]}\">\n\t\t\t\t\t<div class=\"e-con-inner\">\n\t\t\t\t<div class=\"elementor-element elementor-element-6c7fccb elementor-widget elementor-widget-text-editor\" data-id=\"6c7fccb\" data-element_type=\"widget\" data-e-type=\"widget\" data-widget_type=\"text-editor.default\">\n\t\t\t\t<div class=\"elementor-widget-container\">\n\t\t\t\t\t\t\t\t\t<p>La Fondazione Max Havelaar, fondata nel 1992, assegna il marchio Fairtrade in Svizzera ai prodotti che vengono prodotti secondo rigorosi criteri sociali ed ecologici e che vengono commercializzati in modo equo. I compiti principali della Fondazione Max Havelaar sono la creazione di un accesso al mercato per i prodotti del commercio equo e solidale e l&#8217;informazione e la sensibilizzazione sul commercio equo e solidale in Svizzera.<\/p>\n\t\t\t\t\t\t\t\t<\/div>\n\t\t\t\t<\/div>\n\t\t\t\t\t<\/div>\n\t\t\t\t<\/div>\n\t\t\t\t\t<\/div>\n\t\t\t\t<\/div>\n\t\t<div class=\"elementor-element elementor-element-eee038a e-flex e-con-boxed e-con e-parent\" data-id=\"eee038a\" data-element_type=\"container\" data-e-type=\"container\" data-settings=\"{&quot;jet_parallax_layout_list&quot;:[]}\">\n\t\t\t\t\t<div class=\"e-con-inner\">\n\t\t\t\t<div class=\"elementor-element elementor-element-4ff3f95 elementor-widget elementor-widget-text-editor\" data-id=\"4ff3f95\" data-element_type=\"widget\" data-e-type=\"widget\" data-widget_type=\"text-editor.default\">\n\t\t\t\t<div class=\"elementor-widget-container\">\n\t\t\t\t\t\t\t\t\t<h2>Organizzazioni di donatori<\/h2>\n<p>Swissaid, Fastenopfer, Caritas, HEKS, Helvetas, Pane per tutti<\/p>\n<h2>Perch\u00e9 il commercio equo e solidale?<\/h2>\n<p>Il commercio equo e solidale rafforza i piccoli agricoltori e i lavoratori delle piantagioni nei Paesi in via di sviluppo e in quelli emergenti, affinch\u00e9 possano migliorare in modo sostenibile le loro condizioni di vita grazie ai loro sforzi. Gli strumenti chiave a tal fine sono condizioni commerciali eque, organizzazioni di produttori forti, stabilit\u00e0 dei prezzi, premi, coltivazione sostenibile e sostegno locale. I piccoli proprietari e i lavoratori del commercio equo e solidale hanno voce, sono riconosciuti e prendono decisioni democratiche. Inoltre, in quanto comproprietari paritari del sistema Fairtrade, i produttori svolgono un ruolo attivo nell&#8217;ulteriore sviluppo del Fairtrade.<\/p>\n<h2>Che cosa rappresenta il marchio di qualit\u00e0?<\/h2>\n<p>Il marchio di qualit\u00e0 Fairtrade \u00e8 sinonimo di prodotti coltivati in modo sostenibile e commercializzati in modo equo. Il commercio equo e solidale persegue un approccio olistico in cui, oltre ai requisiti per una coltivazione sostenibile, sono centrali anche l&#8217;organizzazione democratica dei produttori e il commercio equo e solidale.<\/p>\n<h2>Come funziona il commercio equo e solidale?<\/h2>\n<ul>\n<li>Miglioramento della situazione reddituale e maggiore stabilit\u00e0 finanziaria per i piccoli agricoltori<\/li>\n<li>Condizioni di lavoro regolamentate e migliore protezione della salute per i lavoratori delle piantagioni<\/li>\n<li>Autodeterminazione e assunzione di responsabilit\u00e0 grazie alla codeterminazione in cooperative e comitati di lavoratori organizzati democraticamente<\/li>\n<li>Oltre agli investimenti in produttivit\u00e0 e qualit\u00e0, i premi Fairtrade consentono di realizzare progetti di sviluppo come la costruzione di scuole, investimenti in progetti idrici o in cure mediche.<\/li>\n<li>Importante contributo allo sviluppo delle aree rurali<\/li>\n<li>Protezione delle risorse naturali e promozione dell&#8217;agricoltura biologica<\/li>\n<\/ul>\n<h2>Il mercato svizzero del commercio equo e solidale<\/h2>\n<p>Il marchio Fairtrade Max Havelaar \u00e8 disponibile in Svizzera per circa 3000 prodotti del settore alimentare e non. Oltre 250 titolari di licenze, pi\u00f9 di 1.100 esercizi di ristorazione e numerosi ristoranti del personale offrono prodotti del commercio equo e solidale. Le vendite annuali pro capite di prodotti del commercio equo e solidale in Svizzera ammontano a 94 franchi svizzeri, la cifra pi\u00f9 alta al mondo. Ci\u00f2 significa che i consumatori svizzeri hanno reso possibili circa 11,5 milioni di franchi svizzeri di premi nel 2019.<\/p>\n<p>Fairtrade Max Havelaar \u00e8 il marchio di sostenibilit\u00e0 pi\u00f9 conosciuto in Svizzera, con il pi\u00f9 alto indice di gradimento e fiducia.<\/p>\n<p>Fonte: Max Havelaar (Fondazione) Svizzera<br \/>Informazioni complete direttamente su:<br \/><a href=\"https:\/\/www.maxhavelaar.ch\/\" target=\"_blank\" rel=\"noopener\">www.maxhavelaar.ch<\/a><\/p>\n\t\t\t\t\t\t\t\t<\/div>\n\t\t\t\t<\/div>\n\t\t\t\t\t<\/div>\n\t\t\t\t<\/div>\n\t\t\t\t<\/div>\n\t\t","protected":false},"excerpt":{"rendered":"<p>Max Havelaar Il commercio equo e solidale paga La Fondazione Max Havelaar, fondata nel 1992, assegna il marchio Fairtrade in Svizzera ai prodotti che vengono prodotti secondo rigorosi criteri sociali ed ecologici e che vengono commercializzati in modo equo. I compiti principali della Fondazione Max Havelaar sono la creazione di un accesso al mercato per [&hellip;]<\/p>\n","protected":false},"author":2,"featured_media":0,"parent":20841,"menu_order":0,"comment_status":"closed","ping_status":"closed","template":"","meta":{"_acf_changed":false,"_coblocks_attr":"","_coblocks_dimensions":"","_coblocks_responsive_height":"","_coblocks_accordion_ie_support":"","inline_featured_image":false,"_monsterinsights_skip_tracking":false,"_monsterinsights_sitenote_active":false,"_monsterinsights_sitenote_note":"","_monsterinsights_sitenote_category":0,"footnotes":""},"class_list":["post-20853","page","type-page","status-publish","hentry"],"acf":[],"aioseo_notices":[],"_links":{"self":[{"href":"https:\/\/www.bertschi-cafe.ch\/it\/wp-json\/wp\/v2\/pages\/20853","targetHints":{"allow":["GET"]}}],"collection":[{"href":"https:\/\/www.bertschi-cafe.ch\/it\/wp-json\/wp\/v2\/pages"}],"about":[{"href":"https:\/\/www.bertschi-cafe.ch\/it\/wp-json\/wp\/v2\/types\/page"}],"author":[{"embeddable":true,"href":"https:\/\/www.bertschi-cafe.ch\/it\/wp-json\/wp\/v2\/users\/2"}],"replies":[{"embeddable":true,"href":"https:\/\/www.bertschi-cafe.ch\/it\/wp-json\/wp\/v2\/comments?post=20853"}],"version-history":[{"count":0,"href":"https:\/\/www.bertschi-cafe.ch\/it\/wp-json\/wp\/v2\/pages\/20853\/revisions"}],"up":[{"embeddable":true,"href":"https:\/\/www.bertschi-cafe.ch\/it\/wp-json\/wp\/v2\/pages\/20841"}],"wp:attachment":[{"href":"https:\/\/www.bertschi-cafe.ch\/it\/wp-json\/wp\/v2\/media?parent=20853"}],"curies":[{"name":"wp","href":"https:\/\/api.w.org\/{rel}","templated":true}]}}

<div data-elementor-type="wp-page" data-elementor-id="20853" class="elementor elementor-20853 elementor-4311" data-elementor-post-type="page">
				<div class="elementor-element elementor-element-3593c520 e-flex e-con-boxed e-con e-parent" data-id="3593c520" data-element_type="container" data-e-type="container" data-settings="{&quot;jet_parallax_layout_list&quot;:[],&quot;background_background&quot;:&quot;classic&quot;}">
					<div class="e-con-inner">
		<div class="elementor-element elementor-element-7b4bef5b e-flex e-con-boxed e-con e-child" data-id="7b4bef5b" data-element_type="container" data-e-type="container" data-settings="{&quot;background_background&quot;:&quot;classic&quot;,&quot;jet_parallax_layout_list&quot;:[]}">
					<div class="e-con-inner">
				<div class="elementor-element elementor-element-4eb297b8 elementor-widget elementor-widget-heading" data-id="4eb297b8" data-element_type="widget" data-e-type="widget" data-widget_type="heading.default">
				<div class="elementor-widget-container">
					<p class="elementor-heading-title elementor-size-default">Max Havelaar</p>				</div>
				</div>
				<div class="elementor-element elementor-element-324c87bd elementor-widget elementor-widget-heading" data-id="324c87bd" data-element_type="widget" data-e-type="widget" data-widget_type="heading.default">
				<div class="elementor-widget-container">
					<h1 class="elementor-heading-title elementor-size-default">Il commercio equo e solidale paga
</h1>				</div>
				</div>
				<div class="elementor-element elementor-element-b3be35e elementor-widget elementor-widget-spacer" data-id="b3be35e" data-element_type="widget" data-e-type="widget" data-widget_type="spacer.default">
				<div class="elementor-widget-container">
							<div class="elementor-spacer">
			<div class="elementor-spacer-inner"></div>
		</div>
						</div>
				</div>
					</div>
				</div>
					</div>
				</div>
		<div class="elementor-element elementor-element-c02e002 e-flex e-con-boxed e-con e-parent" data-id="c02e002" data-element_type="container" data-e-type="container" id="angebot" data-settings="{&quot;jet_parallax_layout_list&quot;:[]}">
					<div class="e-con-inner">
		<div class="elementor-element elementor-element-f768124 e-flex e-con-boxed e-con e-child" data-id="f768124" data-element_type="container" data-e-type="container" data-settings="{&quot;jet_parallax_layout_list&quot;:[]}">
					<div class="e-con-inner">
				<div class="elementor-element elementor-element-6c7fccb elementor-widget elementor-widget-text-editor" data-id="6c7fccb" data-element_type="widget" data-e-type="widget" data-widget_type="text-editor.default">
				<div class="elementor-widget-container">
									<p>La Fondazione Max Havelaar, fondata nel 1992, assegna il marchio Fairtrade in Svizzera ai prodotti che vengono prodotti secondo rigorosi criteri sociali ed ecologici e che vengono commercializzati in modo equo. I compiti principali della Fondazione Max Havelaar sono la creazione di un accesso al mercato per i prodotti del commercio equo e solidale e l&#8217;informazione e la sensibilizzazione sul commercio equo e solidale in Svizzera.</p>
								</div>
				</div>
					</div>
				</div>
					</div>
				</div>
		<div class="elementor-element elementor-element-eee038a e-flex e-con-boxed e-con e-parent" data-id="eee038a" data-element_type="container" data-e-type="container" data-settings="{&quot;jet_parallax_layout_list&quot;:[]}">
					<div class="e-con-inner">
				<div class="elementor-element elementor-element-4ff3f95 elementor-widget elementor-widget-text-editor" data-id="4ff3f95" data-element_type="widget" data-e-type="widget" data-widget_type="text-editor.default">
				<div class="elementor-widget-container">
									<h2>Organizzazioni di donatori</h2>
<p>Swissaid, Fastenopfer, Caritas, HEKS, Helvetas, Pane per tutti</p>
<h2>Perché il commercio equo e solidale?</h2>
<p>Il commercio equo e solidale rafforza i piccoli agricoltori e i lavoratori delle piantagioni nei Paesi in via di sviluppo e in quelli emergenti, affinché possano migliorare in modo sostenibile le loro condizioni di vita grazie ai loro sforzi. Gli strumenti chiave a tal fine sono condizioni commerciali eque, organizzazioni di produttori forti, stabilità dei prezzi, premi, coltivazione sostenibile e sostegno locale. I piccoli proprietari e i lavoratori del commercio equo e solidale hanno voce, sono riconosciuti e prendono decisioni democratiche. Inoltre, in quanto comproprietari paritari del sistema Fairtrade, i produttori svolgono un ruolo attivo nell&#8217;ulteriore sviluppo del Fairtrade.</p>
<h2>Che cosa rappresenta il marchio di qualità?</h2>
<p>Il marchio di qualità Fairtrade è sinonimo di prodotti coltivati in modo sostenibile e commercializzati in modo equo. Il commercio equo e solidale persegue un approccio olistico in cui, oltre ai requisiti per una coltivazione sostenibile, sono centrali anche l&#8217;organizzazione democratica dei produttori e il commercio equo e solidale.</p>
<h2>Come funziona il commercio equo e solidale?</h2>
<ul>
<li>Miglioramento della situazione reddituale e maggiore stabilità finanziaria per i piccoli agricoltori</li>
<li>Condizioni di lavoro regolamentate e migliore protezione della salute per i lavoratori delle piantagioni</li>
<li>Autodeterminazione e assunzione di responsabilità grazie alla codeterminazione in cooperative e comitati di lavoratori organizzati democraticamente</li>
<li>Oltre agli investimenti in produttività e qualità, i premi Fairtrade consentono di realizzare progetti di sviluppo come la costruzione di scuole, investimenti in progetti idrici o in cure mediche.</li>
<li>Importante contributo allo sviluppo delle aree rurali</li>
<li>Protezione delle risorse naturali e promozione dell&#8217;agricoltura biologica</li>
</ul>
<h2>Il mercato svizzero del commercio equo e solidale</h2>
<p>Il marchio Fairtrade Max Havelaar è disponibile in Svizzera per circa 3000 prodotti del settore alimentare e non. Oltre 250 titolari di licenze, più di 1.100 esercizi di ristorazione e numerosi ristoranti del personale offrono prodotti del commercio equo e solidale. Le vendite annuali pro capite di prodotti del commercio equo e solidale in Svizzera ammontano a 94 franchi svizzeri, la cifra più alta al mondo. Ciò significa che i consumatori svizzeri hanno reso possibili circa 11,5 milioni di franchi svizzeri di premi nel 2019.</p>
<p>Fairtrade Max Havelaar è il marchio di sostenibilità più conosciuto in Svizzera, con il più alto indice di gradimento e fiducia.</p>
<p>Fonte: Max Havelaar (Fondazione) Svizzera<br />Informazioni complete direttamente su:<br /><a href="https://www.maxhavelaar.ch/" target="_blank" rel="noopener">www.maxhavelaar.ch</a></p>
								</div>
				</div>
					</div>
				</div>
				</div>
