{"id":20582,"date":"2020-04-28T20:49:16","date_gmt":"2020-04-28T20:49:16","guid":{"rendered":"https:\/\/www.bertschi-cafe.ch\/webseite\/produkt\/sac-en-jute\/"},"modified":"2024-02-27T17:57:28","modified_gmt":"2024-02-27T17:57:28","slug":"sac-en-jute","status":"publish","type":"product","link":"https:\/\/www.bertschi-cafe.ch\/fr\/produit\/sac-en-jute\/","title":{"rendered":"Sac en jute"},"content":{"rendered":"<p><strong>Description<br \/>\n<\/strong>Sacs de jute vides provenant d&rsquo;importations de caf\u00e9 et destin\u00e9s \u00e0 \u00eatre r\u00e9utilis\u00e9s. Dimensions : 100cm x 70cm<\/p>\n<p>Vous recevez les sacs au hasard de la pile.<\/p>\n<p><strong>quantit\u00e9 :<\/strong><br \/>\n1 pi\u00e8ce<\/p>\n","protected":false},"excerpt":{"rendered":"<p>Description Sacs de jute vides provenant d&rsquo;importations de caf\u00e9 et destin\u00e9s \u00e0 \u00eatre r\u00e9utilis\u00e9s. Dimensions : 100cm x 70cm Vous recevez les sacs au hasard de la pile. quantit\u00e9 : 1 pi\u00e8ce<\/p>\n","protected":false},"featured_media":19787,"template":"","meta":{"_acf_changed":false,"_coblocks_attr":"","_coblocks_dimensions":"","_coblocks_responsive_height":"","_coblocks_accordion_ie_support":"","inline_featured_image":false,"_monsterinsights_skip_tracking":false,"_monsterinsights_sitenote_active":false,"_monsterinsights_sitenote_note":"","_monsterinsights_sitenote_category":0},"product_brand":[],"product_cat":[160],"product_tag":[],"class_list":{"0":"post-20582","1":"product","2":"type-product","3":"status-publish","4":"has-post-thumbnail","6":"product_cat-zubehoer","8":"first","9":"instock","10":"sale","11":"taxable","12":"shipping-taxable","13":"purchasable","14":"product-type-simple"},"acf":[],"aioseo_notices":[],"_links":{"self":[{"href":"https:\/\/www.bertschi-cafe.ch\/fr\/wp-json\/wp\/v2\/product\/20582","targetHints":{"allow":["GET"]}}],"collection":[{"href":"https:\/\/www.bertschi-cafe.ch\/fr\/wp-json\/wp\/v2\/product"}],"about":[{"href":"https:\/\/www.bertschi-cafe.ch\/fr\/wp-json\/wp\/v2\/types\/product"}],"wp:featuredmedia":[{"embeddable":true,"href":"https:\/\/www.bertschi-cafe.ch\/fr\/wp-json\/wp\/v2\/media\/19787"}],"wp:attachment":[{"href":"https:\/\/www.bertschi-cafe.ch\/fr\/wp-json\/wp\/v2\/media?parent=20582"}],"wp:term":[{"taxonomy":"product_brand","embeddable":true,"href":"https:\/\/www.bertschi-cafe.ch\/fr\/wp-json\/wp\/v2\/product_brand?post=20582"},{"taxonomy":"product_cat","embeddable":true,"href":"https:\/\/www.bertschi-cafe.ch\/fr\/wp-json\/wp\/v2\/product_cat?post=20582"},{"taxonomy":"product_tag","embeddable":true,"href":"https:\/\/www.bertschi-cafe.ch\/fr\/wp-json\/wp\/v2\/product_tag?post=20582"}],"curies":[{"name":"wp","href":"https:\/\/api.w.org\/{rel}","templated":true}]}}

<p><strong>Description<br />
</strong>Sacs de jute vides provenant d&rsquo;importations de café et destinés à être réutilisés. Dimensions : 100cm x 70cm</p>
<p>Vous recevez les sacs au hasard de la pile.</p>
<p><strong>quantité :</strong><br />
1 pièce</p>

<p>Description Sacs de jute vides provenant d&rsquo;importations de café et destinés à être réutilisés. Dimensions : 100cm x 70cm Vous recevez les sacs au hasard de la pile. quantité : 1 pièce</p>
