{"id":20578,"date":"2020-06-21T21:32:21","date_gmt":"2020-06-21T21:32:21","guid":{"rendered":"https:\/\/www.bertschi-cafe.ch\/webseite\/produkt\/set-de-cafe-classique\/"},"modified":"2024-02-27T17:57:26","modified_gmt":"2024-02-27T17:57:26","slug":"set-de-cafe-classique","status":"publish","type":"product","link":"https:\/\/www.bertschi-cafe.ch\/fr\/produit\/set-de-cafe-classique\/","title":{"rendered":"Set de caf\u00e9 classique"},"content":{"rendered":"<p><strong>Le set de caf\u00e9 classique contient les caf\u00e9s suivants :<\/strong><\/p>\n<ul>\n<li>Caf\u00e9 b\u00e2lois<\/li>\n<li>Espresso b\u00e2lois<\/li>\n<li>Cappuccino<\/li>\n<li>Espresso<\/li>\n<li>Gastro-Queen<\/li>\n<li>Gastro-King<\/li>\n<li>2 x caf\u00e9 tasse avec assiette<\/li>\n<\/ul>\n<p>&nbsp;<\/p>\n<p><strong>M\u00e9lange<\/strong><br \/>\ndivers<br \/>\n<strong>Go\u00fbt<\/strong><br \/>\ndivers<\/p>\n<p><strong>Torr\u00e9faction<\/strong><b><br \/>\n<\/b>clair, moyen et fonc\u00e9<\/p>\n<p><strong>Disponible sur<\/strong><br \/>\nchaque paquet de 500g de haricots<\/p>\n","protected":false},"excerpt":{"rendered":"<p>Le set de caf\u00e9 classique contient les caf\u00e9s suivants : Caf\u00e9 b\u00e2lois Espresso b\u00e2lois Cappuccino Espresso Gastro-Queen Gastro-King 2 x caf\u00e9 tasse avec assiette &nbsp; M\u00e9lange divers Go\u00fbt divers Torr\u00e9faction clair, moyen et fonc\u00e9 Disponible sur chaque paquet de 500g de haricots<\/p>\n","protected":false},"featured_media":19793,"template":"","meta":{"_acf_changed":false,"_coblocks_attr":"","_coblocks_dimensions":"","_coblocks_responsive_height":"","_coblocks_accordion_ie_support":"","inline_featured_image":false,"_monsterinsights_skip_tracking":false,"_monsterinsights_sitenote_active":false,"_monsterinsights_sitenote_note":"","_monsterinsights_sitenote_category":0},"product_brand":[],"product_cat":[154],"product_tag":[],"class_list":{"0":"post-20578","1":"product","2":"type-product","3":"status-publish","4":"has-post-thumbnail","6":"product_cat-geschenk-und-probiersets","8":"first","9":"instock","10":"sale","11":"taxable","12":"shipping-taxable","13":"purchasable","14":"product-type-variable","15":"has-default-attributes"},"acf":[],"aioseo_notices":[],"_links":{"self":[{"href":"https:\/\/www.bertschi-cafe.ch\/fr\/wp-json\/wp\/v2\/product\/20578","targetHints":{"allow":["GET"]}}],"collection":[{"href":"https:\/\/www.bertschi-cafe.ch\/fr\/wp-json\/wp\/v2\/product"}],"about":[{"href":"https:\/\/www.bertschi-cafe.ch\/fr\/wp-json\/wp\/v2\/types\/product"}],"wp:featuredmedia":[{"embeddable":true,"href":"https:\/\/www.bertschi-cafe.ch\/fr\/wp-json\/wp\/v2\/media\/19793"}],"wp:attachment":[{"href":"https:\/\/www.bertschi-cafe.ch\/fr\/wp-json\/wp\/v2\/media?parent=20578"}],"wp:term":[{"taxonomy":"product_brand","embeddable":true,"href":"https:\/\/www.bertschi-cafe.ch\/fr\/wp-json\/wp\/v2\/product_brand?post=20578"},{"taxonomy":"product_cat","embeddable":true,"href":"https:\/\/www.bertschi-cafe.ch\/fr\/wp-json\/wp\/v2\/product_cat?post=20578"},{"taxonomy":"product_tag","embeddable":true,"href":"https:\/\/www.bertschi-cafe.ch\/fr\/wp-json\/wp\/v2\/product_tag?post=20578"}],"curies":[{"name":"wp","href":"https:\/\/api.w.org\/{rel}","templated":true}]}}

Set de café classique

<p><strong>Le set de café classique contient les cafés suivants :</strong></p>
<ul>
<li>Café bâlois</li>
<li>Espresso bâlois</li>
<li>Cappuccino</li>
<li>Espresso</li>
<li>Gastro-Queen</li>
<li>Gastro-King</li>
<li>2 x café tasse avec assiette</li>
</ul>
<p>&nbsp;</p>
<p><strong>Mélange</strong><br />
divers<br />
<strong>Goût</strong><br />
divers</p>
<p><strong>Torréfaction</strong><b><br />
</b>clair, moyen et foncé</p>
<p><strong>Disponible sur</strong><br />
chaque paquet de 500g de haricots</p>

<p>Le set de café classique contient les cafés suivants : Café bâlois Espresso bâlois Cappuccino Espresso Gastro-Queen Gastro-King 2 x café tasse avec assiette &nbsp; Mélange divers Goût divers Torréfaction clair, moyen et foncé Disponible sur chaque paquet de 500g de haricots</p>
