{"id":20546,"date":"2014-09-19T13:43:00","date_gmt":"2014-09-19T13:43:00","guid":{"rendered":"https:\/\/www.bertschi-cafe.ch\/webseite\/produkt\/espresso-max-havelaar-commerce-equitable\/"},"modified":"2024-03-13T06:52:10","modified_gmt":"2024-03-13T06:52:10","slug":"espresso-max-havelaar","status":"publish","type":"product","link":"https:\/\/www.bertschi-cafe.ch\/fr\/produit\/espresso-max-havelaar\/","title":{"rendered":"Espresso Max Havelaar (commerce \u00e9quitable)"},"content":{"rendered":"<p><strong>M\u00e9lange<br \/>\n<\/strong>90% d&rsquo;arabica d&rsquo;Am\u00e9rique centrale et d&rsquo;Am\u00e9rique du Sud<br \/>\n10% de robusta d&rsquo;Afrique<\/p>\n<p><strong>Go\u00fbt<br \/>\n<\/strong>Un espresso fin mais au go\u00fbt intense. Avec des ar\u00f4mes int\u00e9ressants d&rsquo;Afrique. Le commerce \u00e9quitable pour tous ceux qui ne pensent pas qu&rsquo;\u00e0 eux. Des offres sp\u00e9ciales int\u00e9ressantes pour les gros consommateurs !<\/p>\n<p><strong>Torr\u00e9faction<\/strong><br \/>\nSombre<\/p>\n<p><strong>Aptitude<\/strong><br \/>\nCaf\u00e9 cr\u00e8me, espresso et latte macchiatto<\/p>\n<p><strong>Disponible sur<\/strong><br \/>\n1kg de haricots<\/p>\n<p><strong>Certification<\/strong><br \/>\nCommerce \u00e9quitable Max Havelaar<\/p>\n","protected":false},"excerpt":{"rendered":"<p>M\u00e9lange 90% d&rsquo;arabica d&rsquo;Am\u00e9rique centrale et d&rsquo;Am\u00e9rique du Sud 10% de robusta d&rsquo;Afrique Go\u00fbt Un espresso fin mais au go\u00fbt intense. Avec des ar\u00f4mes int\u00e9ressants d&rsquo;Afrique. Le commerce \u00e9quitable pour tous ceux qui ne pensent pas qu&rsquo;\u00e0 eux. Des offres sp\u00e9ciales int\u00e9ressantes pour les gros consommateurs ! Torr\u00e9faction Sombre Aptitude Caf\u00e9 cr\u00e8me, espresso et latte [&hellip;]<\/p>\n","protected":false},"featured_media":18581,"template":"","meta":{"_acf_changed":false,"_coblocks_attr":"","_coblocks_dimensions":"","_coblocks_responsive_height":"","_coblocks_accordion_ie_support":"","inline_featured_image":false,"_monsterinsights_skip_tracking":false,"_monsterinsights_sitenote_active":false,"_monsterinsights_sitenote_note":"","_monsterinsights_sitenote_category":0},"product_brand":[],"product_cat":[155],"product_tag":[],"class_list":{"0":"post-20546","1":"product","2":"type-product","3":"status-publish","4":"has-post-thumbnail","6":"product_cat-bohnen","7":"pa_zubereitung-filter-ganze-bohnen","9":"first","10":"instock","11":"taxable","12":"shipping-taxable","13":"purchasable","14":"product-type-variable","15":"has-default-attributes"},"acf":[],"aioseo_notices":[],"_links":{"self":[{"href":"https:\/\/www.bertschi-cafe.ch\/fr\/wp-json\/wp\/v2\/product\/20546","targetHints":{"allow":["GET"]}}],"collection":[{"href":"https:\/\/www.bertschi-cafe.ch\/fr\/wp-json\/wp\/v2\/product"}],"about":[{"href":"https:\/\/www.bertschi-cafe.ch\/fr\/wp-json\/wp\/v2\/types\/product"}],"wp:featuredmedia":[{"embeddable":true,"href":"https:\/\/www.bertschi-cafe.ch\/fr\/wp-json\/wp\/v2\/media\/18581"}],"wp:attachment":[{"href":"https:\/\/www.bertschi-cafe.ch\/fr\/wp-json\/wp\/v2\/media?parent=20546"}],"wp:term":[{"taxonomy":"product_brand","embeddable":true,"href":"https:\/\/www.bertschi-cafe.ch\/fr\/wp-json\/wp\/v2\/product_brand?post=20546"},{"taxonomy":"product_cat","embeddable":true,"href":"https:\/\/www.bertschi-cafe.ch\/fr\/wp-json\/wp\/v2\/product_cat?post=20546"},{"taxonomy":"product_tag","embeddable":true,"href":"https:\/\/www.bertschi-cafe.ch\/fr\/wp-json\/wp\/v2\/product_tag?post=20546"}],"curies":[{"name":"wp","href":"https:\/\/api.w.org\/{rel}","templated":true}]}}

Espresso Max Havelaar (commerce équitable)

<p><strong>Mélange<br />
</strong>90% d&rsquo;arabica d&rsquo;Amérique centrale et d&rsquo;Amérique du Sud<br />
10% de robusta d&rsquo;Afrique</p>
<p><strong>Goût<br />
</strong>Un espresso fin mais au goût intense. Avec des arômes intéressants d&rsquo;Afrique. Le commerce équitable pour tous ceux qui ne pensent pas qu&rsquo;à eux. Des offres spéciales intéressantes pour les gros consommateurs !</p>
<p><strong>Torréfaction</strong><br />
Sombre</p>
<p><strong>Aptitude</strong><br />
Café crème, espresso et latte macchiatto</p>
<p><strong>Disponible sur</strong><br />
1kg de haricots</p>
<p><strong>Certification</strong><br />
Commerce équitable Max Havelaar</p>

<p>Mélange 90% d&rsquo;arabica d&rsquo;Amérique centrale et d&rsquo;Amérique du Sud 10% de robusta d&rsquo;Afrique Goût Un espresso fin mais au goût intense. Avec des arômes intéressants d&rsquo;Afrique. Le commerce équitable pour tous ceux qui ne pensent pas qu&rsquo;à eux. Des offres spéciales intéressantes pour les gros consommateurs ! Torréfaction Sombre Aptitude Café crème, espresso et latte [&hellip;]</p>
