{"id":20514,"date":"2016-05-04T10:28:00","date_gmt":"2016-05-04T10:28:00","guid":{"rendered":"https:\/\/www.bertschi-cafe.ch\/webseite\/produkt\/espresso-balois\/"},"modified":"2024-03-13T06:50:43","modified_gmt":"2024-03-13T06:50:43","slug":"basler-espresso","status":"publish","type":"product","link":"https:\/\/www.bertschi-cafe.ch\/fr\/produit\/basler-espresso\/","title":{"rendered":"Espresso b\u00e2lois"},"content":{"rendered":"<p><strong>M\u00e9lange<br \/>\n<\/strong>80% d&rsquo;arabica d&rsquo;Am\u00e9rique centrale et d&rsquo;Am\u00e9rique du Sud<br \/>\n20% de robusta de Java<\/p>\n<p><strong>Go\u00fbt<br \/>\n<\/strong>La variante r\u00e9veill\u00e9e. Ar\u00f4me plein, l\u00e9g\u00e8rement sucr\u00e9, avec de fines nuances de noix et de fruits et peu d&rsquo;acidit\u00e9. Un bon caf\u00e9 pour des moments de plaisir stimulants et ouverts sur le monde.<\/p>\n<p><strong>Torr\u00e9faction<br \/>\n<\/strong>Fonc\u00e9<\/p>\n<p><strong>Aptitude<\/strong><br \/>\nEspresso, ristretto et latte macchiatto<\/p>\n<p><strong>Disponible<br \/>\n<\/strong>1kg de grains<\/p>\n","protected":false},"excerpt":{"rendered":"<p>M\u00e9lange 80% d&rsquo;arabica d&rsquo;Am\u00e9rique centrale et d&rsquo;Am\u00e9rique du Sud 20% de robusta de Java Go\u00fbt La variante r\u00e9veill\u00e9e. Ar\u00f4me plein, l\u00e9g\u00e8rement sucr\u00e9, avec de fines nuances de noix et de fruits et peu d&rsquo;acidit\u00e9. Un bon caf\u00e9 pour des moments de plaisir stimulants et ouverts sur le monde. Torr\u00e9faction Fonc\u00e9 Aptitude Espresso, ristretto et latte [&hellip;]<\/p>\n","protected":false},"featured_media":18589,"template":"","meta":{"_acf_changed":false,"_coblocks_attr":"","_coblocks_dimensions":"","_coblocks_responsive_height":"","_coblocks_accordion_ie_support":"","inline_featured_image":false,"_monsterinsights_skip_tracking":false,"_monsterinsights_sitenote_active":false,"_monsterinsights_sitenote_note":"","_monsterinsights_sitenote_category":0},"product_brand":[],"product_cat":[155],"product_tag":[],"class_list":{"0":"post-20514","1":"product","2":"type-product","3":"status-publish","4":"has-post-thumbnail","6":"product_cat-bohnen","7":"pa_zubereitung-filter-ganze-bohnen","9":"first","10":"instock","11":"taxable","12":"shipping-taxable","13":"purchasable","14":"product-type-variable","15":"has-default-attributes"},"acf":[],"aioseo_notices":[],"_links":{"self":[{"href":"https:\/\/www.bertschi-cafe.ch\/fr\/wp-json\/wp\/v2\/product\/20514","targetHints":{"allow":["GET"]}}],"collection":[{"href":"https:\/\/www.bertschi-cafe.ch\/fr\/wp-json\/wp\/v2\/product"}],"about":[{"href":"https:\/\/www.bertschi-cafe.ch\/fr\/wp-json\/wp\/v2\/types\/product"}],"wp:featuredmedia":[{"embeddable":true,"href":"https:\/\/www.bertschi-cafe.ch\/fr\/wp-json\/wp\/v2\/media\/18589"}],"wp:attachment":[{"href":"https:\/\/www.bertschi-cafe.ch\/fr\/wp-json\/wp\/v2\/media?parent=20514"}],"wp:term":[{"taxonomy":"product_brand","embeddable":true,"href":"https:\/\/www.bertschi-cafe.ch\/fr\/wp-json\/wp\/v2\/product_brand?post=20514"},{"taxonomy":"product_cat","embeddable":true,"href":"https:\/\/www.bertschi-cafe.ch\/fr\/wp-json\/wp\/v2\/product_cat?post=20514"},{"taxonomy":"product_tag","embeddable":true,"href":"https:\/\/www.bertschi-cafe.ch\/fr\/wp-json\/wp\/v2\/product_tag?post=20514"}],"curies":[{"name":"wp","href":"https:\/\/api.w.org\/{rel}","templated":true}]}}

Espresso bâlois

<p><strong>Mélange<br />
</strong>80% d&rsquo;arabica d&rsquo;Amérique centrale et d&rsquo;Amérique du Sud<br />
20% de robusta de Java</p>
<p><strong>Goût<br />
</strong>La variante réveillée. Arôme plein, légèrement sucré, avec de fines nuances de noix et de fruits et peu d&rsquo;acidité. Un bon café pour des moments de plaisir stimulants et ouverts sur le monde.</p>
<p><strong>Torréfaction<br />
</strong>Foncé</p>
<p><strong>Aptitude</strong><br />
Espresso, ristretto et latte macchiatto</p>
<p><strong>Disponible<br />
</strong>1kg de grains</p>

<p>Mélange 80% d&rsquo;arabica d&rsquo;Amérique centrale et d&rsquo;Amérique du Sud 20% de robusta de Java Goût La variante réveillée. Arôme plein, légèrement sucré, avec de fines nuances de noix et de fruits et peu d&rsquo;acidité. Un bon café pour des moments de plaisir stimulants et ouverts sur le monde. Torréfaction Foncé Aptitude Espresso, ristretto et latte [&hellip;]</p>
